rime factors of 53802.
2, 3, 7, 61
List the prime factors of 229.
229
List the prime factors of 102182.
2, 19, 2689
What are the prime factors of 17234?
2, 7, 1231
List the prime factors of 16015.
5, 3203
What are the prime factors of 130793?
13, 10061
List the prime factors of 831.
3, 277
List the prime factors of 8045.
5, 1609
What are the prime factors of 36532?
2, 9133
What are the prime factors of 961?
31
What are the prime factors of 547?
547
What are the prime factors of 107?
107
What are the prime factors of 279?
3, 31
List the prime factors of 3987.
3, 443
List the prime factors of 27929.
11, 2539
List the prime factors of 1594.
2, 797
List the prime factors of 956.
2, 239
What are the prime factors of 3110?
2, 5, 311
What are the prime factors of 3935?
5, 787
List the prime factors of 9995.
5, 1999
List the prime factors of 2096.
2, 131
List the prime factors of 2642.
2, 1321
What are the prime factors of 3063?
3, 1021
List the prime factors of 34873.
43, 811
What are the prime factors of 5291?
11, 13, 37
List the prime factors of 561.
3, 11, 17
What are the prime factors of 6605?
5, 1321
What are the prime factors of 64138?
2, 32069
List the prime factors of 3705.
3, 5, 13, 19
List the prime factors of 1303.
1303
List the prime factors of 1629.
3, 181
List the prime factors of 11511.
3, 1279
What are the prime factors of 58218?
2, 3, 31, 313
What are the prime factors of 2760?
2, 3, 5, 23
What are the prime factors of 50?
2, 5
What are the prime factors of 96719?
7, 41, 337
What are the prime factors of 1103?
1103
What are the prime factors of 8229?
3, 13, 211
What are the prime factors of 163771?
163771
What are the prime factors of 67035?
3, 5, 41, 109
List the prime factors of 2567.
17, 151
List the prime factors of 6007.
6007
List the prime factors of 2006.
2, 17, 59
What are the prime factors of 55156?
2, 13789
What are the prime factors of 31246?
2, 17, 919
List the prime factors of 23044.
2, 7, 823
List the prime factors of 47653.
47653
What are the prime factors of 906?
2, 3, 151
List the prime factors of 92207.
19, 23, 211
List the prime factors of 590.
2, 5, 59
List the prime factors of 1520.
2, 5, 19
What are the prime factors of 38020?
2, 5, 1901
What are the prime factors of 33246?
2, 3, 1847
What are the prime factors of 180?
2, 3, 5
What are the prime factors of 11321?
11321
List the prime factors of 5800.
2, 5, 29
What are the prime factors of 5220?
2, 3, 5, 29
List the prime factors of 89836.
2, 37, 607
List the prime factors of 37396.
2, 9349
List the prime factors of 784.
2, 7
What are the prime factors of 974?
2, 487
What are the prime factors of 870?
2, 3, 5, 29
List the prime factors of 42991.
13, 3307
What are the prime factors of 1439?
1439
List the prime factors of 2327.
13, 179
What are the prime factors of 3912?
2, 3, 163
List the prime factors of 3701.
3701
What are the prime factors of 3356?
2, 839
List the prime factors of 5861.
5861
What are the prime factors of 623?
7, 89
List the prime factors of 729.
3
What are the prime factors of 123013?
11, 53, 211
List the prime factors of 8240.
2, 5, 103
What are the prime factors of 2776?
2, 347
What are the prime factors of 499?
499
What are the prime factors of 7158?
2, 3, 1193
What are the prime factors of 172?
2, 43
What are the prime factors of 73601?
11, 6691
List the prime factors of 14317.
103, 139
What are the prime factors of 57639?
3, 19213
List the prime factors of 12065.
5, 19, 127
List the prime factors of 79480.
2, 5, 1987
List the prime factors of 24939.
3, 17, 163
What are the prime factors of 2669?
17, 157
What are the prime factors of 5058?
2, 3, 281
What are the prime factors of 3511?
3511
What are the prime factors of 1774?
2, 887
List the prime factors of 83791.
83791
List the prime factors of 29167.
29167
List the prime factors of 12377.
12377
What are the prime factors of 720?
2, 3, 5
What are the prime factors of 4586?
2, 2293
List the prime factors of 6829.
6829
What are the prime factors of 4003?
4003
What are the prime factors of 126114?
2, 3, 21019
List the prime factors of 5019.
3, 7, 239
List the prime factors of 20267.
13, 1559
List the prime factors of 415.
5, 83
What are the prime factors of 5151?
3, 17, 101
List the prime factors of 3216.
2, 3, 67
What are the prime factors of 11062?
2, 5531
List the prime factors of 239.
239
What are the prime factors of 530?
2, 5, 53
What are the prime factors of 1236?
2, 3, 103
What are the prime factors of 3874?
2, 13, 149
List the prime factors of 778.
2, 389
What are the prime factors of 110504?
2, 19, 727
List the prime factors of 1050.
2, 3, 5, 7
What are the prime factors of 7801?
29, 269
What are the prime factors of 20658?
2, 3, 11, 313
List the prime factors of 28338.
2, 3, 4723
List the prime factors of 365.
5, 73
What are the prime factors of 5978?
2, 7, 61
List the prime factors of 854.
2, 7, 61
What are the prime factors of 6090?
2, 3, 5, 7, 29
List the prime factors of 1588.
2, 397
List the prime factors of 7302.
2, 3, 1217
What are the prime factors of 1306?
2, 653
List the prime factors of 23733.
3, 293
What are the prime factors of 117900?
2, 3, 5, 131
What are the prime factors of 3191?
3191
What are the prime factors of 98?
2, 7
What are the prime factors of 13295?
5, 2659
List the prime factors of 72612.
2, 3, 2017
What are the prime factors of 4118?
2, 29, 71
What are the prime factors of 15007?
43, 349
What are the prime factors of 1695?
3, 5, 113
What are the prime factors of 13443?
3, 4481
List the prime factors of 18009.
3, 23, 29
What are the prime factors of 12095?
5, 41, 59
List the prime factors of 601.
601
List the prime factors of 7084.
2, 7, 11, 23
What are the prime factors of 6012?
2, 3, 167
List the prime factors of 121.
11
List the prime factors of 380.
2, 5, 19
What are the prime factors of 4473?
3, 7, 71
List the prime factors of 602.
2, 7, 43
List the prime factors of 128468.
2, 32117
List the prime factors of 7927.
7927
What are the prime factors of 3449?
3449
List the prime factors of 2213.
2213
List the prime factors of 333.
3, 37
What are the prime factors of 6520?
2, 5, 163
What are the prime factors of 12304?
2, 769
What are the prime factors of 47471?
37, 1283
List the prime factors of 8768.
2, 137
What are the prime factors of 491?
491
List the prime factors of 30398.
2, 15199
List the prime factors of 758.
2, 379
What are the prime factors of 89041?
89041
List the prime factors of 25004.
2, 7, 19, 47
List the prime factors of 4259.
4259
What are the prime factors of 323?
17, 19
What are the prime factors of 525?
3, 5, 7
What are the prime factors of 6506?
2, 3253
List the prime factors of 6061.
11, 19, 29
List the prime factors of 29342.
2, 17, 863
What are the prime factors of 1443?
3, 13, 37
List the prime factors of 8891.
17, 523
List the prime factors of 8812.
2, 2203
List the prime factors of 42509.
42509
List the prime factors of 39577.
19, 2083
List the prime factors of 111612.
2, 3, 71, 131
List the prime factors of 1092.
2, 3, 7, 13
List the prime factors of 2216.
2, 277
What are the prime factors of 1752?
2, 3, 73
List the prime factors of 500.
2, 5
What are the prime factors of 1311?
3, 19, 23
What are the prime factors of 40057?
41, 977
What are the prime factors of 16176?
2, 3, 337
What are the prime factors of 37547?
37547
List the prime factors of 572.
2, 11, 13
What are the prime factors of 35053?
35053
What are the prime factors of 3903?
3, 1301
What are the prime factors of 114456?
2, 3, 19, 251
What are the prime factors of 9025?
5, 19
What are the prime factors of 807?
3, 269
What are the prime factors of 582?
2, 3, 97
List the prime factors of 2818.
2, 1409
What are the prime factors of 51694?
2, 25847
List the prime factors of 1071.
3, 7, 17
List the prime factors of 2629.
11, 239
What are the prime factors of 20153?
7, 2879
What are the prime factors of 793?
13, 61
What are the prime factors of 5616?
2, 3, 13
What are the prime factors of 506?
2, 11, 23
What are the prime factors of 4289?
4289
List the prime factors of 53614.
2, 11, 2437
List the prime factors of 1700.
2, 5, 17
List the prime factors of 1229.
1229
What are the prime factors of 7290?
2, 3, 5
What are the prime factors of 664?
2, 83
What are the prim